ulate the greatest common factor of b and 1700.
50
Suppose -5*f = -q - 13, -5*q - 47 = 22*f - 38*f. Calculate the highest common divisor of 2295 and f.
1
Let h be 152/6 + 4 + 184/(-552). Let b = 4 + -1. What is the highest common divisor of b and h?
1
Suppose -5*q - 3*r + 2142 = -938, 4*q - 2464 = 2*r. Suppose 2*a = -2*a, -4*y = 3*a - q. What is the greatest common factor of y and 28?
14
Let m = -115 - -136. Suppose 15*r - m*r + 96 = 0. Calculate the highest common factor of 12 and r.
4
Let m(k) = 139*k - 153. Let q(h) = 17*h - 19. Let g(v) = -6*m(v) + 51*q(v). Let j be g(2). Calculate the greatest common divisor of j and 5.
5
Suppose 0 = -c + 24 + 3. Suppose 1124*j - 1087*j = 10989. Calculate the highest common factor of j and c.
27
Suppose -48*o + 4641 = 59*o - 17722. Calculate the highest common divisor of o and 1463.
209
Let d = 3277 + -2917. Calculate the greatest common divisor of 135 and d.
45
Let l = -277 + 113. Let h be (-7 + l/8)*52/(-5). Let m be 2/3 - 228/(-9). Calculate the greatest common factor of h and m.
26
Suppose 5144 = 2*t - 2*k, -2*k - 12848 = 6*t - 11*t. Calculate the highest common divisor of t and 16.
8
Let q(k) = 6*k - 37. Let y be q(7). Let c be (-1)/3*(-17 + -1). Suppose -j = -c + 4. What is the highest common divisor of y and j?
1
Let n be -1 + (-3 - -129) + -2. Let k = 146 - n. Suppose -k*s = -26*s + 39. What is the highest common divisor of 208 and s?
13
Suppose 0 = 12*z - 11*z + 7*z. Let v(r) = -71*r + 143. Let p be v(z). What is the highest common factor of 13 and p?
13
Let y be 2800/(-105)*189/(-12). Let n = 475 - y. Calculate the greatest common factor of 77 and n.
11
Let f(x) = 154*x**2. Let q be f(1). Suppose -2*d + 39 = 2966*c - 2961*c, 0 = -2*d - 4*c + 40. Calculate the highest common divisor of d and q.
22
Suppose 0 = -3*b + 15 + 60. Let z = -2231 - -2266. What is the greatest common factor of z and b?
5
Let c be (-2)/13 - (6 - 3436/26). Suppose -22*n + 346 = c. Calculate the greatest common divisor of n and 470.
10
Let n = 305 + 85. Let b = n - 203. Suppose 5*j = 5, -2*d - 4*j = -2*j - 24. Calculate the greatest common divisor of d and b.
11
Let z(i) = i**3 - 28*i**2 + 55*i - 5. Let c be z(25). Let f = c + 528. Calculate the highest common divisor of f and 230.
23
Suppose 13*d + 59 = 254. What is the greatest common factor of 580 and d?
5
Let c be -2 - 22/(-10) - (-23487964)/4780. Calculate the greatest common factor of c and 28.
14
Suppose 0 = -5*u - 0 - 20. Let v be u/(27/(-48) + 1/2). Let s be v/(-5)*(-45)/2. What is the greatest common divisor of 36 and s?
36
Let w be 287/123 - (0 - (-7026)/(-9)). What is the greatest common factor of 493 and w?
29
Let t(m) = m**3 - 106*m**2 + 114*m - 677. Let y be t(105). Calculate the greatest common divisor of y and 21708.
268
Suppose -4*x + 73 = v, 4*v - 19 = 3*x - 69. Suppose 5 + 70 = -25*r. Let z be r - -43 - -2*(-5 - -3). What is the highest common factor of x and z?
18
Let t = 116 - 112. Suppose -553 = -t*n - 149. Let j = 137 - n. Calculate the highest common factor of 72 and j.
36
Let p be 10*(-2 + (12*-3)/((-6)/153)). Calculate the greatest common factor of p and 20.
20
Suppose 10*f + 5923 = 11503. Calculate the highest common factor of 72 and f.
18
Let r = -165 + 169. Let p(c) = 12*c + 7. Let w be p(2). Suppose -t = -g + w, 4*g - g - 4*t = 96. Calculate the highest common factor of g and r.
4
Let k = -671 - -705. Suppose -q - 4*o = -0*o - k, -4 = -4*o. What is the greatest common factor of 435 and q?
15
Suppose -4*o - 2*b = -488, -b = -4*o + 155 + 321. What is the greatest common factor of o and 40?
40
Suppose 196 - 3612 = -8*n. Let h = n + -426. Let w = -8 - -13. Calculate the greatest common divisor of h and w.
1
Suppose 2*p - 10 = f, 0*f = 3*p + 2*f - 22. Let q(l) = l**2 + 250*l + 2880. Let n be q(-12). Calculate the greatest common factor of n and p.
6
Let n be 784/(15 + -8) + -8. Let g(v) = 50*v**2 + 4*v + 3. Let t be g(-2). Calculate the highest common divisor of n and t.
13
Suppose -2*h = 5*s - 1865, -123*s - 1140 = -126*s + 3*h. What is the greatest common factor of s and 420?
15
Let a = 101 - -391. Suppose 16*m - 276 = a. What is the highest common divisor of 216 and m?
24
Suppose 896*q = 891*q - 20, 0 = 5*z - 2*q - 4903. Calculate the greatest common divisor of z and 1691.
89
Suppose m + 2*g + 20 = -4*m, -23 = 4*m + 3*g. Let h be -2 + 4 - (-481 + m). Let t = 683 - h. What is the highest common divisor of t and 18?
18
Suppose 56*x = 85*x - 725. What is the greatest common divisor of 55 and x?
5
Let t = 85 + -50. Let q = 1442 + -1057. What is the greatest common divisor of q and t?
35
Let f = 4 + -10. Let z(n) = -n**3 - 7*n**2 + 9*n + 98. Let d be z(f). Calculate the highest common divisor of d and 136.
8
Let t = 279 - 213. Let l be (-4)/22 + 2 + 47070/t. What is the highest common factor of l and 55?
55
Let z(n) = -n**3 + 21*n**2 + 68*n - 196. Let p be z(23). Calculate the greatest common factor of p and 80.
10
Suppose -2*j + 4*x = -1418, -j = -5*x - 346 - 384. What is the highest common divisor of 25 and j?
5
Let f be 4368/(-468)*(2/4 - 2). Let d = 22 + -150. Let t be d/(-20) - 6/(-10). Calculate the highest common divisor of t and f.
7
Suppose 66*v + 26568 = 282*v. What is the highest common divisor of 12 and v?
3
Suppose -6*l + 9*l + 5*n - 10 = 0, 2*l - 15 = 5*n. Suppose l*v = 17*v - 4680. What is the greatest common divisor of 10 and v?
10
Let g(o) = o**3 - 10*o**2 + 27*o + 18. Let w be g(5). Calculate the highest common divisor of 7658 and w.
14
Let n(q) = 11*q**3 - 2*q**2 + q + 4. Let o be n(2). Suppose 0 = 16*d - 321 + 1345. Let p = o + d. Calculate the greatest common divisor of p and 110.
22
Suppose -5*i - 1304 = -7*i + 3*y, -y = -5*i + 3234. Suppose -9*s = -150 - 21. What is the greatest common factor of i and s?
19
Let t be 5 - (0 + 3 + (-18394 - (0 + 4))). What is the greatest common factor of 690 and t?
230
Let f = -12195 + 13795. Calculate the highest common factor of 880 and f.
80
Let a be 4533912/240 - (-12)/(-40). What is the greatest common divisor of a and 9?
9
Suppose 1816 = -23*d + 10165. Let v = 395 - d. Suppose -2*s + 5*p + 12 = 0, 2*s - 47 = p - 19. What is the greatest common divisor of v and s?
16
Let h be 16/(-104) + 23936/104 + 4. What is the greatest common factor of 162 and h?
18
Let w(v) = -v**3 + v. Let l(z) = -6*z**3 - 18*z**2 - 37*z + 32. Let x(i) = l(i) - 5*w(i). Let b be x(-16). Calculate the greatest common divisor of 12 and b.
12
Let t = 62 + -50. Suppose 18*l + 25 + 29 = 0. Let g be (-7 - (-4 + 1))*(l - 1). Calculate the highest common divisor of g and t.
4
Let k be 5 + -8 + ((-2836)/(-4) - -9). What is the highest common factor of 481 and k?
13
Suppose 3*v - 4*k - 205 = -5*k, 5*v - 325 = -5*k. Let x be 21 + -7 + -18 + (33 - -1). Calculate the greatest common factor of x and v.
10
Let x(g) = -8*g**3 - 6*g**2 - g + 2. Let l be x(-2). Let t(a) = -a**3 - 8*a**2 - 17*a - 48. Let h be t(-7). What is the greatest common factor of h and l?
22
Suppose -329 + 14 = -5*n. Let z be -7 + 0/(-6 + 3). Let m be (-2)/((6/z)/3). Calculate the highest common divisor of m and n.
7
Let x be 7/(-28) + (483/12)/1. Let a be 3*(-4)/6 - (-74)/(-2). Let b = 44 + a. What is the highest common divisor of x and b?
5
Let p(m) = 5*m**2 + 5*m - 5. Let f be (34/(-68))/((-2)/8). Let v be p(f). What is the highest common divisor of v and 20?
5
Let i be 22078/(-171) + 3/27. Let u = 333 + i. What is the highest common divisor of 272 and u?
68
Let o(j) = -4*j - 32. Let k be o(-8). Suppose -l + 20 = 5*w - 300, k = w + 3*l - 50. Calculate the greatest common factor of 13 and w.
13
Let y(a) be the first derivative of -9*a**4/2 - 3*a**2/2 + a + 118. Let z be y(-3). Calculate the greatest common divisor of 31 and z.
31
Suppose 0 = 10*o - 8*o + y - 550, -3*o + y + 840 = 0. Calculate the greatest common divisor of o and 6.
2
Let k = -220 + 472. Let p = 289 - k. What is the greatest common divisor of p and 185?
37
Let u(o) = 10*o**2 - 6*o + 18. Let q be u(-7). Suppose -q = -3*a - 6*c + 5*c, 4*a = 4*c + 744. Calculate the highest common divisor of 16 and a.
8
Let h be 1 + -4 - (-8 - 43). Let x(a) = a**3 + 8*a**2 + a - 5. Let i be x(-6). Suppose i*j - 180 = 56*j. What is the greatest common divisor of h and j?
12
Suppose 6745 = 3*p + 565. Calculate the